ens digit of 6400607?
0
What is the hundred thousands digit of 185551?
1
What is the ten thousands digit of 108434?
0
What is the millions digit of 1171333?
1
What is the hundreds digit of 6144928?
9
What is the hundred thousands digit of 400232?
4
What is the hundred thousands digit of 7996298?
9
What is the ten thousands digit of 4188493?
8
What is the hundreds digit of 345131?
1
What is the tens digit of 281527?
2
What is the hundred thousands digit of 691733?
6
What is the units digit of 61798?
8
What is the hundreds digit of 9745136?
1
What is the thousands digit of 1829553?
9
What is the hundred thousands digit of 6676251?
6
What is the tens digit of 81722?
2
What is the hundred thousands digit of 7240425?
2
What is the units digit of 35564016?
6
What is the units digit of 579866?
6
What is the hundreds digit of 1133116?
1
What is the hundreds digit of 663505?
5
What is the thousands digit of 1378669?
8
What is the thousands digit of 4593145?
3
What is the hundred thousands digit of 108961?
1
What is the thousands digit of 659370?
9
What is the units digit of 302907?
7
What is the hundred thousands digit of 499122?
4
What is the hundreds digit of 2851652?
6
What is the hundreds digit of 270818?
8
What is the hundreds digit of 17558474?
4
What is the ten thousands digit of 2899106?
9
What is the ten thousands digit of 5516541?
1
What is the millions digit of 33894348?
3
What is the tens digit of 305320?
2
What is the tens digit of 1821656?
5
What is the hundred thousands digit of 12433964?
4
What is the tens digit of 7640720?
2
What is the units digit of 42045?
5
What is the millions digit of 1096788?
1
What is the ten thousands digit of 1314518?
1
What is the hundred thousands digit of 735419?
7
What is the ten thousands digit of 2574443?
7
What is the thousands digit of 5649134?
9
What is the thousands digit of 329383?
9
What is the hundred thousands digit of 494141?
4
What is the units digit of 484760?
0
What is the units digit of 833757?
7
What is the millions digit of 11174602?
1
What is the hundred thousands digit of 216437?
2
What is the thousands digit of 2552305?
2
What is the hundred thousands digit of 489913?
4
What is the ten thousands digit of 2625703?
2
What is the tens digit of 18013210?
1
What is the thousands digit of 52805?
2
What is the tens digit of 39131?
3
What is the hundreds digit of 6188758?
7
What is the hundred thousands digit of 428367?
4
What is the hundred thousands digit of 6991080?
9
What is the ten millions digit of 23904780?
2
What is the hundred thousands digit of 148342?
1
What is the hundreds digit of 163992?
9
What is the hundred thousands digit of 119580?
1
What is the tens digit of 43165?
6
What is the hundred thousands digit of 393282?
3
What is the units digit of 390214?
4
What is the thousands digit of 1968255?
8
What is the hundred thousands digit of 157965?
1
What is the ten thousands digit of 1692478?
9
What is the units digit of 179217?
7
What is the ten thousands digit of 102552?
0
What is the units digit of 1684281?
1
What is the units digit of 3161397?
7
What is the tens digit of 11791306?
0
What is the units digit of 745923?
3
What is the millions digit of 2046600?
2
What is the units digit of 287753?
3
What is the units digit of 6102600?
0
What is the thousands digit of 230643?
0
What is the hundred thousands digit of 138904?
1
What is the units digit of 34669?
9
What is the thousands digit of 5730711?
0
What is the units digit of 1500696?
6
What is the units digit of 392066?
6
What is the units digit of 116851?
1
What is the hundreds digit of 6887?
8
What is the ten thousands digit of 10846727?
4
What is the units digit of 795730?
0
What is the ten thousands digit of 1397974?
9
What is the thousands digit of 644884?
4
What is the thousands digit of 4703742?
3
What is the hundreds digit of 28798539?
5
What is the millions digit of 2470505?
2
What is the units digit of 5184307?
7
What is the ten thousands digit of 7903515?
0
What is the millions digit of 29562464?
9
What is the tens digit of 165086?
8
What is the ten thousands digit of 449193?
4
What is the thousands digit of 8590929?
0
What is the units digit of 273297?
7
What is the tens digit of 2324900?
0
What is the units digit of 392496?
6
What is the tens digit of 800286?
8
What is the ten thousands digit of 192036?
9
What is the hundred thousands digit of 494238?
4
What is the ten thousands digit of 271103?
7
What is the ten thousands digit of 464598?
6
What is the ten thousands digit of 14538015?
3
What is the tens digit of 2456015?
1
What is the tens digit of 182254?
5
What is the hundred thousands digit of 967898?
9
What is the hundred thousands digit of 10242089?
2
What is the millions digit of 15149498?
5
What is the hundreds digit of 44111?
1
What is the hundreds digit of 1143859?
8
What is the thousands digit of 110298?
0
What is the units digit of 9338?
8
What is the units digit of 304052?
2
What is the tens digit of 18465475?
7
What is the ten thousands digit of 7087752?
8
What is the hundreds digit of 3397?
3
What is the hundred thousands digit of 176271?
1
What is the thousands digit of 7994361?
4
What is the units digit of 607927?
7
What is the units digit of 39458012?
2
What is the units digit of 37451505?
5
What is the hundreds digit of 49234?
2
What is the tens digit of 4455937?
3
What is the tens digit of 2676698?
9
What is the thousands digit of 37838305?
8
What is the units digit of 547635?
5
What is the ten thousands digit of 637109?
3
What is the tens digit of 142836?
3
What is the hundreds digit of 432507?
5
What is the units digit of 640562?
2
What is the millions digit of 1112290?
1
What is the thousands digit of 191982?
1
What is the thousands digit of 788585?
8
What is the thousands digit of 194528?
4
What is the millions digit of 2059771?
2
What is the thousands digit of 909879?
9
What is the hundred thousands digit of 2754946?
7
What is the hundreds digit of 2453279?
2
What is the hundred thousands digit of 134159?
1
What is the thousands digit of 999815?
9
What is the ten thousands digit of 766913?
6
What is the tens digit of 3375231?
3
What is the tens digit of 2219495?
9
What is the tens digit of 2218906?
0
What is the hundred thousands digit of 4715849?
7
What is the tens digit of 226215?
1
What is the hundred thousands digit of 3230210?
2
What is the hundreds digit of 3519402?
4
What is the ten thousands digit of 2073263?
7
What is the hundreds digit of 13850432?
4
What is the thousands digit of 733445?
3
What is the tens digit of 7715713?
1
What is the hundred thousands digit of 262962?
2
What is the millions digit of 2206760?
2
What is the millions digit of 3508553?
3
What is the tens digit of 230894?
9
What is the millions digit of 3726328?
3
What is the hundred thousands digit of 10146575?
1
What is the units digit of 144472?
2
What is the units digit of 456145?
5
What is the units digit of 259314?
4
What is the tens digit of 1031845?
4
What is the ten thousands digit of 252546?
5
What is the tens digit of 108762?
6
What is the tens digit of 332705?
0
What is the hundreds digit of 513746?
7
What is the ten thousands digit of 1921493?
2
What is the hundred thousands digit of 6400904?
4
What is the tens digit of 828903?
0
What is the hundred thousands digit of 635904?
6
What is the thousands digit of 946877?
6
What is the tens digit of 437173?
7
What is the millions digit of 7005198?
7
What is the hundred thousands digit of 4238825?
2
What is the hundred thousands digit of 26435755?
4
What is the thousands digit of 116702?
6
What is the tens digit of 492368?
6
What is the thousands digit of 193313?
3
What is the thousands digit of 42147?
2
What is the hundred thousands digit of 13995983?
9
What is the hundreds digit of 1334511?
5
What is the hundred thousands digit of 2992165?
9
What is the tens digit of 54186?
8
What is the hundred thousands digit of 292023?
2
What is the hundreds digit of 589393?
3
What is the ten millions digit of 15813722?
1
What is the hundreds digit of 1651396?
3
What is the hundreds digit of 613239?
2
What is the millions digit of 5263234?
5
What is the units digit of 1395532?
2
What is the hundreds digit of 6334567?
5
What is the units digit of 150556?
6
What is the m